{"id":143,"date":"2025-12-04T11:12:41","date_gmt":"2025-12-04T09:12:41","guid":{"rendered":"http:\/\/veteranendfm.nl\/?page_id=143"},"modified":"2026-04-17T11:51:08","modified_gmt":"2026-04-17T09:51:08","slug":"nieuws","status":"publish","type":"page","link":"http:\/\/veteranendfm.nl\/index.php\/nieuws\/","title":{"rendered":"NIEUWS"},"content":{"rendered":"\n<h3 class=\"wp-block-heading\">Interview Veteraan Lolke Suierveld (98) <\/h3>\n\n\n\n<div class=\"wp-block-cover\"><img loading=\"lazy\" decoding=\"async\" width=\"867\" height=\"517\" class=\"wp-block-cover__image-background wp-image-294\" alt=\"\" src=\"http:\/\/veteranendfm.nl\/wp-content\/uploads\/2026\/04\/boot-1024x576-1.jpg\" data-object-fit=\"cover\"\/><span aria-hidden=\"true\" class=\"wp-block-cover__background has-background-dim\"><\/span><div class=\"wp-block-cover__inner-container is-layout-flow wp-block-cover-is-layout-flow\">\n<p class=\"has-text-align-center has-large-font-size\"><a href=\"https:\/\/radiospannenburg.nl\/2026\/04\/15\/veteraan-lolke-suierveld-98-wat-ik-doe-dyn-ha-soe-ik-no-nea-mear-dwaan\/\" target=\"_blank\" rel=\"noreferrer noopener\">Klik hier voor het verhaal<\/a><\/p>\n<\/div><\/div>\n\n\n\n<p class=\"is-style-plain\"><em>Door Dani\u00ebl Kooistra van Radio Spannenburg<\/em><\/p>\n\n\n\n<h3 class=\"wp-block-heading\">Veteranen caf\u00e9<\/h3>\n\n\n\n<p>We komen minimaal 5 keer per jaar bij elkaar in ons veteranen caf\u00e9. Ons veteranen caf\u00e9 staat in Lemmer, caf\u00e9 restaurant \u201cHet Centrum\u201d. We hebben er al zeer gezellige bijeenkomsten gehad. Elke oneven maand (behalve in de zomer) hebben we bijeenkomsten, inloop vanaf 14.30 tot 17.00 uur. We drinken een kop koffie en iedereen krijgt 2 consumptiebonnen voor een biertje of wat fris. Minimaal drie keer per jaar nodigen iemand uit om over zijn of haar uitzending te vertellen. Dit jaar hebben we de documentaire: \u201c<a href=\"https:\/\/www.youtube.com\/watch?v=eLwrtg0EgeE&amp;t=53s\" target=\"_blank\" rel=\"noreferrer noopener\">Levenslied van een Friese veteraan<\/a>\u201d vertoond. <\/p>\n\n\n\n<figure class=\"wp-block-image size-full\"><img loading=\"lazy\" decoding=\"async\" width=\"3846\" height=\"1500\" src=\"http:\/\/veteranendfm.nl\/wp-content\/uploads\/2025\/12\/veteranencafe.jpg\" alt=\"\" class=\"wp-image-156\"\/><\/figure>\n\n\n\n<h3 class=\"wp-block-heading\">Witte anjer perkje<\/h3>\n\n\n\n<p>Op dit moment zijn we met de gemeente in gesprek om in Joure maar ook in Lemmer en Balk (onze 3 hoofddorpen) een witte anjer perkje aan te leggen. Als die in Joure gereed is gaan we deze officieel openen op de lokale veteranen dag op 18 april 2026. Via social media houden we jullie op de hoogte.&nbsp;<\/p>\n\n\n\n<figure class=\"wp-block-image size-full\"><img loading=\"lazy\" decoding=\"async\" width=\"750\" height=\"410\" src=\"http:\/\/veteranendfm.nl\/wp-content\/uploads\/2025\/12\/Foto-Witte-Anjer-Perkje.jpg\" alt=\"\" class=\"wp-image-146\"\/><\/figure>\n\n\n\n<h3 class=\"wp-block-heading\">Lokale veteranen dag 18 april 2026<\/h3>\n\n\n\n<p>Verder is het goed om alvast 18 april 2026 in jullie agenda te zetten. Dan willen we voor de 1<sup>e<\/sup> keer een lokale veteranen dag in onze gemeente gaan organiseren in het gemeentehuis van Joure en in Park Herema State te Joure. Details en bijzonderheden volgen ook via social media.<\/p>\n\n\n\n<h3 class=\"wp-block-heading\">Kranslegging tijdens dodenherdenking 4 mei in Joure<\/h3>\n\n\n\n<figure class=\"wp-block-image size-full\"><img loading=\"lazy\" decoding=\"async\" width=\"1080\" height=\"720\" src=\"http:\/\/veteranendfm.nl\/wp-content\/uploads\/2025\/12\/Foto-dodenherdenking-4-mei-2024.jpg\" alt=\"\" class=\"wp-image-145\"\/><\/figure>\n\n\n\n<p>Elk jaar op 4 mei leggen we namens alle veteranen in onze gemeente een krans tijdens de dodenherdenking bij het gemeentehuis in Joure. Het bestuur is aan het nadenken om op roulatiebasis ook een krans in Lemmer en Balk te leggen.&nbsp;<\/p>\n\n\n\n<h3 class=\"wp-block-heading\">Kranslegging laatste vrijdag in juni bij het veteranen monument in Joure<\/h3>\n\n\n\n<figure class=\"wp-block-image size-full is-resized\"><img loading=\"lazy\" decoding=\"async\" width=\"1536\" height=\"2048\" src=\"http:\/\/veteranendfm.nl\/wp-content\/uploads\/2025\/12\/Veteranen-herdenking-2025_2.jpg\" alt=\"\" class=\"wp-image-148\" style=\"width:868px;height:auto\"\/><\/figure>\n\n\n\n<p>Elke laatste vrijdag organiseren we de lokale veteranenherdenking bij de Hobbe van Baerdt Tsjerke in Joure organiseren. Op een plaquette staan zeven namen van gesneuvelde veteranen uit Skarsterl\u00e2n. In Nederlands-Indi\u00eb en Korea.&nbsp;<\/p>\n\n\n\n<p><\/p>\n","protected":false},"excerpt":{"rendered":"<p>Interview Veteraan Lolke Suierveld (98) Door Dani\u00ebl Kooistra van Radio Spannenburg Veteranen caf\u00e9 We komen minimaal 5 keer per jaar<\/p>\n<p><a href=\"http:\/\/veteranendfm.nl\/index.php\/nieuws\/\" class=\"more-link\">Lees verder<span class=\"screen-reader-text\">NIEUWS<\/span><\/a><\/p>\n","protected":false},"author":2,"featured_media":0,"parent":0,"menu_order":0,"comment_status":"closed","ping_status":"closed","template":"","meta":{"footnotes":""},"class_list":["post-143","page","type-page","status-publish","hentry"],"_links":{"self":[{"href":"http:\/\/veteranendfm.nl\/index.php\/wp-json\/wp\/v2\/pages\/143","targetHints":{"allow":["GET"]}}],"collection":[{"href":"http:\/\/veteranendfm.nl\/index.php\/wp-json\/wp\/v2\/pages"}],"about":[{"href":"http:\/\/veteranendfm.nl\/index.php\/wp-json\/wp\/v2\/types\/page"}],"author":[{"embeddable":true,"href":"http:\/\/veteranendfm.nl\/index.php\/wp-json\/wp\/v2\/users\/2"}],"replies":[{"embeddable":true,"href":"http:\/\/veteranendfm.nl\/index.php\/wp-json\/wp\/v2\/comments?post=143"}],"version-history":[{"count":11,"href":"http:\/\/veteranendfm.nl\/index.php\/wp-json\/wp\/v2\/pages\/143\/revisions"}],"predecessor-version":[{"id":298,"href":"http:\/\/veteranendfm.nl\/index.php\/wp-json\/wp\/v2\/pages\/143\/revisions\/298"}],"wp:attachment":[{"href":"http:\/\/veteranendfm.nl\/index.php\/wp-json\/wp\/v2\/media?parent=143"}],"curies":[{"name":"wp","href":"https:\/\/api.w.org\/{rel}","templated":true}]}}

<h3 class="wp-block-heading">Interview Veteraan Lolke Suierveld (98) </h3>



<div class="wp-block-cover"><img loading="lazy" decoding="async" width="867" height="517" class="wp-block-cover__image-background wp-image-294" alt="" src="http://veteranendfm.nl/wp-content/uploads/2026/04/boot-1024x576-1.jpg" data-object-fit="cover"/><span aria-hidden="true" class="wp-block-cover__background has-background-dim"></span><div class="wp-block-cover__inner-container is-layout-flow wp-block-cover-is-layout-flow">
<p class="has-text-align-center has-large-font-size"><a href="https://radiospannenburg.nl/2026/04/15/veteraan-lolke-suierveld-98-wat-ik-doe-dyn-ha-soe-ik-no-nea-mear-dwaan/" target="_blank" rel="noreferrer noopener">Klik hier voor het verhaal</a></p>
</div></div>



<p class="is-style-plain"><em>Door Daniël Kooistra van Radio Spannenburg</em></p>



<h3 class="wp-block-heading">Veteranen café</h3>



<p>We komen minimaal 5 keer per jaar bij elkaar in ons veteranen café. Ons veteranen café staat in Lemmer, café restaurant “Het Centrum”. We hebben er al zeer gezellige bijeenkomsten gehad. Elke oneven maand (behalve in de zomer) hebben we bijeenkomsten, inloop vanaf 14.30 tot 17.00 uur. We drinken een kop koffie en iedereen krijgt 2 consumptiebonnen voor een biertje of wat fris. Minimaal drie keer per jaar nodigen iemand uit om over zijn of haar uitzending te vertellen. Dit jaar hebben we de documentaire: “<a href="https://www.youtube.com/watch?v=eLwrtg0EgeE&amp;t=53s" target="_blank" rel="noreferrer noopener">Levenslied van een Friese veteraan</a>” vertoond. </p>



<figure class="wp-block-image size-full"><img loading="lazy" decoding="async" width="3846" height="1500" src="http://veteranendfm.nl/wp-content/uploads/2025/12/veteranencafe.jpg" alt="" class="wp-image-156"/></figure>



<h3 class="wp-block-heading">Witte anjer perkje</h3>



<p>Op dit moment zijn we met de gemeente in gesprek om in Joure maar ook in Lemmer en Balk (onze 3 hoofddorpen) een witte anjer perkje aan te leggen. Als die in Joure gereed is gaan we deze officieel openen op de lokale veteranen dag op 18 april 2026. Via social media houden we jullie op de hoogte.&nbsp;</p>



<figure class="wp-block-image size-full"><img loading="lazy" decoding="async" width="750" height="410" src="http://veteranendfm.nl/wp-content/uploads/2025/12/Foto-Witte-Anjer-Perkje.jpg" alt="" class="wp-image-146"/></figure>



<h3 class="wp-block-heading">Lokale veteranen dag 18 april 2026</h3>



<p>Verder is het goed om alvast 18 april 2026 in jullie agenda te zetten. Dan willen we voor de 1<sup>e</sup> keer een lokale veteranen dag in onze gemeente gaan organiseren in het gemeentehuis van Joure en in Park Herema State te Joure. Details en bijzonderheden volgen ook via social media.</p>



<h3 class="wp-block-heading">Kranslegging tijdens dodenherdenking 4 mei in Joure</h3>



<figure class="wp-block-image size-full"><img loading="lazy" decoding="async" width="1080" height="720" src="http://veteranendfm.nl/wp-content/uploads/2025/12/Foto-dodenherdenking-4-mei-2024.jpg" alt="" class="wp-image-145"/></figure>



<p>Elk jaar op 4 mei leggen we namens alle veteranen in onze gemeente een krans tijdens de dodenherdenking bij het gemeentehuis in Joure. Het bestuur is aan het nadenken om op roulatiebasis ook een krans in Lemmer en Balk te leggen.&nbsp;</p>



<h3 class="wp-block-heading">Kranslegging laatste vrijdag in juni bij het veteranen monument in Joure</h3>



<figure class="wp-block-image size-full is-resized"><img loading="lazy" decoding="async" width="1536" height="2048" src="http://veteranendfm.nl/wp-content/uploads/2025/12/Veteranen-herdenking-2025_2.jpg" alt="" class="wp-image-148" style="width:868px;height:auto"/></figure>



<p>Elke laatste vrijdag organiseren we de lokale veteranenherdenking bij de Hobbe van Baerdt Tsjerke in Joure organiseren. Op een plaquette staan zeven namen van gesneuvelde veteranen uit Skarsterlân. In Nederlands-Indië en Korea.&nbsp;</p>



<p></p>

<p>Interview Veteraan Lolke Suierveld (98) Door Daniël Kooistra van Radio Spannenburg Veteranen café We komen minimaal 5 keer per jaar</p>
<p><a href="http://veteranendfm.nl/index.php/nieuws/" class="more-link">Lees verder<span class="screen-reader-text">NIEUWS</span></a></p>
