{"id":209,"date":"2025-12-04T12:51:20","date_gmt":"2025-12-04T10:51:20","guid":{"rendered":"http:\/\/veteranendfm.nl\/?page_id=209"},"modified":"2025-12-04T13:52:15","modified_gmt":"2025-12-04T11:52:15","slug":"media-berichten","status":"publish","type":"page","link":"http:\/\/veteranendfm.nl\/index.php\/media-berichten\/","title":{"rendered":"MEDIA-BERICHTEN"},"content":{"rendered":"\n<h3 class=\"wp-block-heading\">Fashion Centre Joure eerste winkel die lokale veteranen steunt<\/h3>\n\n\n\n<p>Door: Douwe Bijlsma<\/p>\n\n\n\n<p><strong>JOURE \u2013 Fashion Centre Joure draagt voortaan bij aan Stichting Veteranen De Fryske Marren. Klanten die in de winkel hun veteranenpas tonen, zorgen ervoor dat vijf procent van hun aankoopbedrag wordt gedoneerd aan de stichting. Daarmee is Fashion Centre de eerste winkel in de Midstraat die zich zichtbaar achter de lokale veteranengemeenschap schaart.<\/strong><\/p>\n\n\n\n<figure class=\"wp-block-image\"><img decoding=\"async\" src=\"https:\/\/storage.pubble.nl\/d0059c11\/content\/2025\/11\/d8d46787-4941-4c53-98d0-978456c2db63_thumb1920.jpg\" alt=\"Afbeelding\"\/><\/figure>\n\n\n\n<p>In De Fryske Marren wonen ruim 300 veteranen. Zij dienden op uiteenlopende missies, onder meer in Nieuw-Guinea, Libanon, Bosni\u00eb, Irak en Afghanistan. Begin dit jaar bundelden zij hun krachten in Stichting Veteranen De Fryske Marren. De groep komt maandelijks bijeen in veteranencaf\u00e9 Het Centrum in Lemmer en werkt aan meer lokale zichtbaarheid. Zo staat op 18 april 2026 de eerste Veteranendag in Joure op de agenda. Tijdens die dag wordt ook het witte anjerperkje bij het gemeentehuis officieel geopend. De witte anjer geldt landelijk als symbool van erkenning en waardering voor veteranen.<\/p>\n\n\n\n<p>Gemeente De Fryske Marren ondersteunt de stichting en stelde eerder dit jaar unaniem beleid vast rond erkenning, waardering en zorg voor veteranen en hun thuisfront. De steunactie van Fashion Centre sluit daar op aan. Vorige week kreeg de winkel een plaquette uit handen van de voorzitter Theo van der Zanden van de stichting als teken van deelname.<\/p>\n\n\n\n<p>Volgens de stichting is het initiatief een mooie stap richting meer lokale betrokkenheid en hoopt men dat meer ondernemers volgen.<\/p>\n\n\n\n<h3 class=\"wp-block-heading\">Doorstart: nieuw leven in veteranenstichting<\/h3>\n\n\n\n<p><strong>DE FRYSKE MARREN &#8211; De afgelopen jaren waren de veteranen uit de regio verenigd in de Stichting Militairen-Veteranen Skarsterl\u00e2n (SMVS). Zij organiseerden de afgelopen jaren de lokale veteranenherdenking bij de herdenkingsplaquette in de Jouster Toer. De stichting heeft bekendgemaakt om een doorstart te maken onder de naam Stichting Veteranen De Fryske Marren.<\/strong><br><br>\u201cHoe kunnen we op een goede manier onze erkenning en waardering naar onze veteranen overbrengen? Hoe zorgen we ervoor dat we daarbij \u00e1lle veteranen in De Fryske Marren bereiken? Hoe blijven we in verbinding met elkaar? En hoe organiseren we dat op een goede manier?\u201d Vragen die het bestuur van SMVS zich de afgelopen tijd stelden.<\/p>\n\n\n\n<p><a href=\"https:\/\/www.grootdefryskemarren.nl\/search?d=40\" target=\"_blank\" rel=\"noreferrer noopener\">Ingezonden<\/a><\/p>\n\n\n\n<figure class=\"wp-block-image size-full\"><img loading=\"lazy\" decoding=\"async\" width=\"1080\" height=\"606\" src=\"http:\/\/veteranendfm.nl\/wp-content\/uploads\/2025\/12\/veteranenherdenking-2025.jpg\" alt=\"\" class=\"wp-image-224\"\/><figcaption class=\"wp-element-caption\">Lokale Veteranendag in Joure. Foto Gewoan Dwaan \/ Douwe Bijlsma<\/figcaption><\/figure>\n\n\n\n<p>Naar aanleiding hiervan heeft men het idee opgevat in de toekomst een stichting te vormen voor alle veteranen in gemeente De Fryske Marren. \u201cDe eerste gesprekken met de gemeente voor ondersteuning hebben plaatsgevonden\u201d, aldus Sytze Holtrop.<\/p>\n\n\n\n<p><strong>Waarom een Stichting Veteranen De Fryske Marren?<\/strong><br>Op dit moment bestaat er \u00e9\u00e9n voor de veteranen in de voormalige gemeente Skarsterl\u00e2n. Maar deze gemeente is jaren geleden samengevoegd met andere gemeenten tot de gemeente De Fryske Marren. Alle veteranen in deze grote gemeente zijn niet georganiseerd in een gezamenlijke stichting of een overkoepelend comit\u00e9 op lokaal niveau. \u201cDaardoor weten we ook niet of we \u00e1lle veteranen bereiken in onze communicatie. Er hebben enkele gesprekken plaatsgevonden met het Nederlands Veteranen Instituut en andere lokale veteranenorganisaties. Hieruit is het idee ontstaan om de bestaande stichting nieuw leven in te blazen voor de genoemde erkenning en waardering voor alle veteranen in onze gehele gemeente.\u201d<\/p>\n\n\n\n<p><strong>Wat kan de nieuwe stichting betekenen?<\/strong><br>Het is een netwerk van en voor alle veteranen in De Fryske Marren, jong en oud. Holtrop: \u201cDe stichting kan bovendien een belangrijke rol spelen bij het informeren van haar achterban over ceremoni\u00eble activiteiten, zoals een lokale Veteranendag, bijeenkomsten in het gemeentelijk Veteranencaf\u00e9 te Lemmer, de lokale 4 mei dodenherdenkingen in de verschillende dorpen en de lokale dodenherdenking van gevallen veteranen in Joure.\u201d<\/p>\n\n\n\n<p><strong>Reacties verzamelen<\/strong><br>De nieuw op te richten stichting is benieuwd naar reacties van veteranen in de gemeente op dit initiatief. \u201cBent u ook van mening dat er een lokale stichting van en voor veteranen in gemeente De Fryske Marren moet komen?\u201d is daarbij de vraag. \u201cReacties kunnen in een mail naar <a href=\"mailto:info@veteranendfm.nl\">info@veteranendfm.nl<\/a>\u201c, aldus het bestuur.<\/p>\n\n\n\n<p>Het plan is om in het najaar de vernieuwde Stichting Veteranen De Fryske Marren toe te lichten en terugkoppeling te geven op de reacties op een bijeenkomst in het Veteranencaf\u00e9 te Lemmer.<\/p>\n\n\n\n<h3 class=\"wp-block-heading\">FOTO\u2019S | Gevallen veteranen herdacht bij Jouster Toer: \u201czij verdienen ons groot respect\u201d<\/h3>\n\n\n\n<p>Door: Douwe Bijlsma<\/p>\n\n\n\n<figure class=\"wp-block-image\"><img decoding=\"async\" src=\"https:\/\/storage.pubble.nl\/d0059c11\/content\/2024\/6\/47da36d6-ca81-4486-ae85-edf66f7238db_thumb1920.jpg\" alt=\"2024-6-28 Veteranenherdenking Joure\"\/><figcaption class=\"wp-element-caption\">2024-6-28 Veteranenherdenking Joure Foto Gewoan Dwaan \/ Douwe Bijlsma<\/figcaption><\/figure>\n\n\n\n<p><strong>JOURE &#8211; Vrijdagmiddag werden voor de zeventiende keer de gevallen veteranen uit de gemeente herdacht. Het eerbetoon, dat wordt georganiseerd door Stichting Militairen-Veteranen Skarsterl\u00e2n, wordt jaarlijks gehouden bij het veteranenmonument dat ingemetseld is in de Jouster Toer.<\/strong><br><br>De lokale veteranen herdenking wordt gehouden om hen die een dag later niet bij de nationale herdenking in Den Haag kunnen zijn toch de gelegenheid te bieden om de gevallenen te eren.<br><br>E\u00e9n van de sprekers was burgemeester Fred Veenstra van De Fryske Marren. Hij benadrukte dat het belangrijk is om stil te staan bij de inzet van de veteranen. \u201cDe essentie van onze veteranendag is dat we als samenleving de veteranen bedanken die zich in verleden en heden hebben ingezet voor de vrede. Het gaat om erkenning en waardering voor de meer dan 100.000 veteranen die er in ons land zijn. En dat doen we hier in Joure bij de plaquette met de namen van hen die niet terugkwamen. De mannen die bij hun inzet ver van huis het leven hebben verloren. Hen herdenken we.\u201d<br><br>\u201cVeteranen hebben gestreden om anderen de kans te geven op het vrije leven, zoals we dat hier hebben geleefd. Maar soms wordt het je bang te moede als je kijkt naar de situatie in de wereld. Wie had tot voor kort verwacht dat er een oorlog op zo\u2019n korte afstand zou worden gevoerd.\u201d<br><br>Veenstra sloot af met \u201cveteranen of het nu zij zijn wiens namen op de plaquette staan of degenen die in de huidige tijd het moeilijke werk hebben gedaan verdienen ons groot respect.\u201d<br><br>Tijdens de plechtigheid werden er drie kransen gelegd bij de Hobbe van Baerdt Tsjerke. Dit gebeurde namens de gemeente, de veteranenstichting en defensie. Er werd afgesloten met een defil\u00e9.<br><br>Leden van de Jouster Fanfare zorgden voor de muzikale ondersteuning en de erewacht werd wederom verzorgd door het Regiment Infanterie Johan Willem Friso uit Havelte.<\/p>\n\n\n\n<p><\/p>\n","protected":false},"excerpt":{"rendered":"<p>Fashion Centre Joure eerste winkel die lokale veteranen steunt Door: Douwe Bijlsma JOURE \u2013 Fashion Centre Joure draagt voortaan bij<\/p>\n<p><a href=\"http:\/\/veteranendfm.nl\/index.php\/media-berichten\/\" class=\"more-link\">Lees verder<span class=\"screen-reader-text\">MEDIA-BERICHTEN<\/span><\/a><\/p>\n","protected":false},"author":2,"featured_media":0,"parent":0,"menu_order":0,"comment_status":"closed","ping_status":"closed","template":"","meta":{"footnotes":""},"class_list":["post-209","page","type-page","status-publish","hentry"],"_links":{"self":[{"href":"http:\/\/veteranendfm.nl\/index.php\/wp-json\/wp\/v2\/pages\/209","targetHints":{"allow":["GET"]}}],"collection":[{"href":"http:\/\/veteranendfm.nl\/index.php\/wp-json\/wp\/v2\/pages"}],"about":[{"href":"http:\/\/veteranendfm.nl\/index.php\/wp-json\/wp\/v2\/types\/page"}],"author":[{"embeddable":true,"href":"http:\/\/veteranendfm.nl\/index.php\/wp-json\/wp\/v2\/users\/2"}],"replies":[{"embeddable":true,"href":"http:\/\/veteranendfm.nl\/index.php\/wp-json\/wp\/v2\/comments?post=209"}],"version-history":[{"count":5,"href":"http:\/\/veteranendfm.nl\/index.php\/wp-json\/wp\/v2\/pages\/209\/revisions"}],"predecessor-version":[{"id":242,"href":"http:\/\/veteranendfm.nl\/index.php\/wp-json\/wp\/v2\/pages\/209\/revisions\/242"}],"wp:attachment":[{"href":"http:\/\/veteranendfm.nl\/index.php\/wp-json\/wp\/v2\/media?parent=209"}],"curies":[{"name":"wp","href":"https:\/\/api.w.org\/{rel}","templated":true}]}}

<h3 class="wp-block-heading">Fashion Centre Joure eerste winkel die lokale veteranen steunt</h3>



<p>Door: Douwe Bijlsma</p>



<p><strong>JOURE – Fashion Centre Joure draagt voortaan bij aan Stichting Veteranen De Fryske Marren. Klanten die in de winkel hun veteranenpas tonen, zorgen ervoor dat vijf procent van hun aankoopbedrag wordt gedoneerd aan de stichting. Daarmee is Fashion Centre de eerste winkel in de Midstraat die zich zichtbaar achter de lokale veteranengemeenschap schaart.</strong></p>



<figure class="wp-block-image"><img decoding="async" src="https://storage.pubble.nl/d0059c11/content/2025/11/d8d46787-4941-4c53-98d0-978456c2db63_thumb1920.jpg" alt="Afbeelding"/></figure>



<p>In De Fryske Marren wonen ruim 300 veteranen. Zij dienden op uiteenlopende missies, onder meer in Nieuw-Guinea, Libanon, Bosnië, Irak en Afghanistan. Begin dit jaar bundelden zij hun krachten in Stichting Veteranen De Fryske Marren. De groep komt maandelijks bijeen in veteranencafé Het Centrum in Lemmer en werkt aan meer lokale zichtbaarheid. Zo staat op 18 april 2026 de eerste Veteranendag in Joure op de agenda. Tijdens die dag wordt ook het witte anjerperkje bij het gemeentehuis officieel geopend. De witte anjer geldt landelijk als symbool van erkenning en waardering voor veteranen.</p>



<p>Gemeente De Fryske Marren ondersteunt de stichting en stelde eerder dit jaar unaniem beleid vast rond erkenning, waardering en zorg voor veteranen en hun thuisfront. De steunactie van Fashion Centre sluit daar op aan. Vorige week kreeg de winkel een plaquette uit handen van de voorzitter Theo van der Zanden van de stichting als teken van deelname.</p>



<p>Volgens de stichting is het initiatief een mooie stap richting meer lokale betrokkenheid en hoopt men dat meer ondernemers volgen.</p>



<h3 class="wp-block-heading">Doorstart: nieuw leven in veteranenstichting</h3>



<p><strong>DE FRYSKE MARREN &#8211; De afgelopen jaren waren de veteranen uit de regio verenigd in de Stichting Militairen-Veteranen Skarsterlân (SMVS). Zij organiseerden de afgelopen jaren de lokale veteranenherdenking bij de herdenkingsplaquette in de Jouster Toer. De stichting heeft bekendgemaakt om een doorstart te maken onder de naam Stichting Veteranen De Fryske Marren.</strong><br><br>“Hoe kunnen we op een goede manier onze erkenning en waardering naar onze veteranen overbrengen? Hoe zorgen we ervoor dat we daarbij álle veteranen in De Fryske Marren bereiken? Hoe blijven we in verbinding met elkaar? En hoe organiseren we dat op een goede manier?” Vragen die het bestuur van SMVS zich de afgelopen tijd stelden.</p>



<p><a href="https://www.grootdefryskemarren.nl/search?d=40" target="_blank" rel="noreferrer noopener">Ingezonden</a></p>



<figure class="wp-block-image size-full"><img loading="lazy" decoding="async" width="1080" height="606" src="http://veteranendfm.nl/wp-content/uploads/2025/12/veteranenherdenking-2025.jpg" alt="" class="wp-image-224"/><figcaption class="wp-element-caption">Lokale Veteranendag in Joure. Foto Gewoan Dwaan / Douwe Bijlsma</figcaption></figure>



<p>Naar aanleiding hiervan heeft men het idee opgevat in de toekomst een stichting te vormen voor alle veteranen in gemeente De Fryske Marren. “De eerste gesprekken met de gemeente voor ondersteuning hebben plaatsgevonden”, aldus Sytze Holtrop.</p>



<p><strong>Waarom een Stichting Veteranen De Fryske Marren?</strong><br>Op dit moment bestaat er één voor de veteranen in de voormalige gemeente Skarsterlân. Maar deze gemeente is jaren geleden samengevoegd met andere gemeenten tot de gemeente De Fryske Marren. Alle veteranen in deze grote gemeente zijn niet georganiseerd in een gezamenlijke stichting of een overkoepelend comité op lokaal niveau. “Daardoor weten we ook niet of we álle veteranen bereiken in onze communicatie. Er hebben enkele gesprekken plaatsgevonden met het Nederlands Veteranen Instituut en andere lokale veteranenorganisaties. Hieruit is het idee ontstaan om de bestaande stichting nieuw leven in te blazen voor de genoemde erkenning en waardering voor alle veteranen in onze gehele gemeente.”</p>



<p><strong>Wat kan de nieuwe stichting betekenen?</strong><br>Het is een netwerk van en voor alle veteranen in De Fryske Marren, jong en oud. Holtrop: “De stichting kan bovendien een belangrijke rol spelen bij het informeren van haar achterban over ceremoniële activiteiten, zoals een lokale Veteranendag, bijeenkomsten in het gemeentelijk Veteranencafé te Lemmer, de lokale 4 mei dodenherdenkingen in de verschillende dorpen en de lokale dodenherdenking van gevallen veteranen in Joure.”</p>



<p><strong>Reacties verzamelen</strong><br>De nieuw op te richten stichting is benieuwd naar reacties van veteranen in de gemeente op dit initiatief. “Bent u ook van mening dat er een lokale stichting van en voor veteranen in gemeente De Fryske Marren moet komen?” is daarbij de vraag. “Reacties kunnen in een mail naar <a href="mailto:info@veteranendfm.nl">info@veteranendfm.nl</a>“, aldus het bestuur.</p>



<p>Het plan is om in het najaar de vernieuwde Stichting Veteranen De Fryske Marren toe te lichten en terugkoppeling te geven op de reacties op een bijeenkomst in het Veteranencafé te Lemmer.</p>



<h3 class="wp-block-heading">FOTO’S | Gevallen veteranen herdacht bij Jouster Toer: “zij verdienen ons groot respect”</h3>



<p>Door: Douwe Bijlsma</p>



<figure class="wp-block-image"><img decoding="async" src="https://storage.pubble.nl/d0059c11/content/2024/6/47da36d6-ca81-4486-ae85-edf66f7238db_thumb1920.jpg" alt="2024-6-28 Veteranenherdenking Joure"/><figcaption class="wp-element-caption">2024-6-28 Veteranenherdenking Joure Foto Gewoan Dwaan / Douwe Bijlsma</figcaption></figure>



<p><strong>JOURE &#8211; Vrijdagmiddag werden voor de zeventiende keer de gevallen veteranen uit de gemeente herdacht. Het eerbetoon, dat wordt georganiseerd door Stichting Militairen-Veteranen Skarsterlân, wordt jaarlijks gehouden bij het veteranenmonument dat ingemetseld is in de Jouster Toer.</strong><br><br>De lokale veteranen herdenking wordt gehouden om hen die een dag later niet bij de nationale herdenking in Den Haag kunnen zijn toch de gelegenheid te bieden om de gevallenen te eren.<br><br>Eén van de sprekers was burgemeester Fred Veenstra van De Fryske Marren. Hij benadrukte dat het belangrijk is om stil te staan bij de inzet van de veteranen. “De essentie van onze veteranendag is dat we als samenleving de veteranen bedanken die zich in verleden en heden hebben ingezet voor de vrede. Het gaat om erkenning en waardering voor de meer dan 100.000 veteranen die er in ons land zijn. En dat doen we hier in Joure bij de plaquette met de namen van hen die niet terugkwamen. De mannen die bij hun inzet ver van huis het leven hebben verloren. Hen herdenken we.”<br><br>“Veteranen hebben gestreden om anderen de kans te geven op het vrije leven, zoals we dat hier hebben geleefd. Maar soms wordt het je bang te moede als je kijkt naar de situatie in de wereld. Wie had tot voor kort verwacht dat er een oorlog op zo’n korte afstand zou worden gevoerd.”<br><br>Veenstra sloot af met “veteranen of het nu zij zijn wiens namen op de plaquette staan of degenen die in de huidige tijd het moeilijke werk hebben gedaan verdienen ons groot respect.”<br><br>Tijdens de plechtigheid werden er drie kransen gelegd bij de Hobbe van Baerdt Tsjerke. Dit gebeurde namens de gemeente, de veteranenstichting en defensie. Er werd afgesloten met een defilé.<br><br>Leden van de Jouster Fanfare zorgden voor de muzikale ondersteuning en de erewacht werd wederom verzorgd door het Regiment Infanterie Johan Willem Friso uit Havelte.</p>



<p></p>
